73 is divided by 4193.
3750
Calculate the remainder when 456736 is divided by 163.
10
Calculate the remainder when 347612 is divided by 38623.
5
What is the remainder when 5650267 is divided by 193?
192
What is the remainder when 819262 is divided by 2834?
236
What is the remainder when 698412 is divided by 57?
48
What is the remainder when 565739 is divided by 62856?
35
What is the remainder when 851886 is divided by 10782?
108
Calculate the remainder when 3831445 is divided by 364.
345
Calculate the remainder when 169113 is divided by 14080.
153
What is the remainder when 697891 is divided by 116312?
19
What is the remainder when 148298643 is divided by 681?
678
Calculate the remainder when 720153 is divided by 1020.
33
What is the remainder when 5159172 is divided by 253?
249
Calculate the remainder when 3121417 is divided by 3121397.
20
What is the remainder when 2573225 is divided by 785?
780
Calculate the remainder when 5552216 is divided by 820.
816
Calculate the remainder when 34048 is divided by 8472.
160
Calculate the remainder when 18842918 is divided by 342598.
28
What is the remainder when 5027 is divided by 1071?
743
Calculate the remainder when 31208598 is divided by 148.
134
What is the remainder when 1438129 is divided by 42?
7
Calculate the remainder when 123675770 is divided by 10306314.
2
What is the remainder when 55774466 is divided by 13?
7
Calculate the remainder when 629408 is divided by 24202.
156
What is the remainder when 7187931 is divided by 13?
10
Calculate the remainder when 78469 is divided by 473.
424
What is the remainder when 98963134 is divided by 3757?
3754
Calculate the remainder when 248064 is divided by 934.
554
What is the remainder when 82084845 is divided by 82167?
12
Calculate the remainder when 3198706 is divided by 327.
319
What is the remainder when 1849627 is divided by 1727?
10
Calculate the remainder when 1796737 is divided by 145.
42
Calculate the remainder when 128385558 is divided by 149.
6
What is the remainder when 7591870 is divided by 48?
46
Calculate the remainder when 1015617 is divided by 1015610.
7
Calculate the remainder when 493472 is divided by 79.
38
Calculate the remainder when 34894471 is divided by 23.
21
Calculate the remainder when 53359 is divided by 4744.
1175
What is the remainder when 55015164 is divided by 1664?
1660
Calculate the remainder when 39301094 is divided by 13100340.
74
What is the remainder when 1427757 is divided by 83985?
12
What is the remainder when 166756713 is divided by 161?
158
What is the remainder when 1973005 is divided by 7337?
6689
Calculate the remainder when 128455 is divided by 1529.
19
Calculate the remainder when 163021 is divided by 1792.
1741
What is the remainder when 29378876 is divided by 4817?
4810
What is the remainder when 862147473 is divided by 2916?
2913
What is the remainder when 265341 is divided by 157?
11
What is the remainder when 154367467 is divided by 239?
235
Calculate the remainder when 56483 is divided by 359.
120
Calculate the remainder when 197018609 is divided by 14.
11
What is the remainder when 2182031 is divided by 17?
13
What is the remainder when 128496 is divided by 1177?
203
Calculate the remainder when 13141554 is divided by 113.
106
What is the remainder when 2664928 is divided by 181?
65
Calculate the remainder when 2929974 is divided by 1821.
1806
Calculate the remainder when 11650384 is divided by 1165030.
84
What is the remainder when 55661888 is divided by 77?
51
What is the remainder when 6589105 is divided by 2772?
61
What is the remainder when 24285907 is divided by 55?
52
Calculate the remainder when 182920 is divided by 280.
80
Calculate the remainder when 2538240 is divided by 44521.
543
What is the remainder when 758958 is divided by 2101?
497
Calculate the remainder when 8290595 is divided by 426.
209
What is the remainder when 16389977 is divided by 206?
205
What is the remainder when 2222944 is divided by 3?
1
What is the remainder when 19215370 is divided by 3?
1
What is the remainder when 5640503 is divided by 486?
473
What is the remainder when 3147331 is divided by 929?
808
What is the remainder when 24675 is divided by 190?
165
Calculate the remainder when 150926 is divided by 75455.
16
What is the remainder when 34438 is divided by 662?
14
What is the remainder when 515216 is divided by 4681?
306
Calculate the remainder when 3867161 is divided by 773429.
16
What is the remainder when 34269 is divided by 11123?
900
Calculate the remainder when 26459728 is divided by 295.
293
What is the remainder when 1929392 is divided by 643107?
71
Calculate the remainder when 29659604 is divided by 569.
479
What is the remainder when 10233003 is divided by 98?
39
Calculate the remainder when 6534358 is divided by 544529.
10
What is the remainder when 270380 is divided by 135121?
138
What is the remainder when 2335807 is divided by 26?
19
Calculate the remainder when 159123 is divided by 10554.
813
Calculate the remainder when 13157990 is divided by 1125.
1115
What is the remainder when 1666450 is divided by 6695?
6090
What is the remainder when 18492882 is divided by 4439?
8
What is the remainder when 5129554 is divided by 27578?
46
What is the remainder when 26271 is divided by 21103?
5168
Calculate the remainder when 2572968 is divided by 857649.
21
Calculate the remainder when 47706 is divided by 11204.
2890
Calculate the remainder when 2379996 is divided by 2379980.
16
What is the remainder when 7868112 is divided by 1967007?
84
What is the remainder when 11526830 is divided by 20996?
26
Calculate the remainder when 742821 is divided by 4081.
79
What is the remainder when 436408 is divided by 10638?
250
Calculate the remainder when 9176349 is divided by 111.
90
Calculate the remainder when 101315 is divided by 5942.
301
Calculate the remainder when 225729 is divided by 112583.
563
What is the remainder when 198591 is divided by 71?
4
Calculate the remainder when 48976066 is divided by 765251.
2
What is the remainder when 169929703 is divided by 935?
933
What is the remainder when 51827 is divided by 10299?
332
What is the remainder when 319215 is divided by 1268?
947
Calculate the remainder when 31194514 is divided by 479915.
39
Calculate the remainder when 789051 is divided by 35.
11
What is the remainder when 4490472 is divided by 1557?
84
Calculate the remainder when 14478961 is divided by 188035.
266
What is the remainder when 6935261 is divided by 236?
165
Calculate the remainder when 1853713 is divided by 10.
3
Calculate the remainder when 5800153 is divided by 1934.
87
What is the remainder when 16731783 is divided by 5?
3
What is the remainder when 138658136 is divided by 14?
8
What is the remainder when 9793257 is divided by 342?
87
Calculate the remainder when 2470914 is divided by 823620.
54
Calculate the remainder when 1141128 is divided by 65.
53
What is the remainder when 599009 is divided by 59853?
479
What is the remainder when 62092 is divided by 1290?
172
Calculate the remainder when 3736865 is divided by 854.
615
Calculate the remainder when 12767757 is divided by 12.
9
Calculate the remainder when 1003023 is divided by 1002961.
62
Calculate the remainder when 595650 is divided by 296956.
1738
Calculate the remainder when 86026461 is divided by 6617418.
27
Calculate the remainder when 644959 is divided by 17431.
12
Calculate the remainder when 2564140 is divided by 512828.
0
Calculate the remainder when 9347 is divided by 441.
86
Calculate the remainder when 305509 is divided by 101811.
76
What is the remainder when 206267 is divided by 36?
23
Calculate the remainder when 108813 is divided by 41.
40
What is the remainder when 99141 is divided by 132?
9
Calculate the remainder when 812099 is divided by 7449.
158
What is the remainder when 9732007 is divided by 847?
824
Calculate the remainder when 3112777 is divided by 15721.
19
What is the remainder when 253374 is divided by 1747?
59
What is the remainder when 30738028 is divided by 355?
353
Calculate the remainder when 248412 is divided by 3226.
10
What is the remainder when 9206062 is divided by 4603019?
24
Calculate the remainder when 611698 is divided by 611669.
29
Calculate the remainder when 11519350 is divided by 72